23 = -5*j - 9. Let a be s(j). Calculate u(a).
-7
Let k be (-7 - (-3 - 6)) + (2 - -1). Suppose 3*p + 3*h = 4*p + 5, k*p + 4*h + 25 = 0. Let r(g) = g + 7. Calculate r(p).
2
Let p be ((-66)/24)/(2/(-8)). Let j(i) = -11*i - 2. Let h(m) = 5*m + 2. Suppose -48 = -0*o + 8*o. Let b(k) = o*j(k) - 13*h(k). Determine b(p).
-3
Suppose -42 + 9 = -i - 5*v, 0 = -3*i + 4*v + 118. Let o be 41 + 1 - (-11 - -17). Let a = o - i. Let y(k) = -7*k - 2. What is y(a)?
12
Let k(j) = j**2 + 16*j - 15. Let n be k(-17). Let r(u) = 2 - 2 + 1 - 34*u + 31*u + 5*u**n. What is r(2)?
15
Suppose 0*z - 46 = -3*z - 2*m, z + 13 = 5*m. Let l be ((-45)/(-6))/(3/z). Let c(h) = -l + h**2 + 29 - 9*h**2. What is c(-1)?
-9
Let d(q) be the second derivative of -q**5/4 - q**4/12 + q**3/6 - q**2/2 - 2*q. Suppose 0 = 9*i + 646 + 461. Let a = 124 + i. Determine d(a).
-6
Suppose 0*t = -7*t + 567. Let i(q) = -t*q**2 + 26*q**2 + 6 + 8*q + 30*q**2 + 26*q**2. Determine i(-4).
-10
Let n(a) = -a**3 + a**2 + a - 1. Let l(b) = -4*b**3 + 8*b**2 - 6. Let t(k) = -l(k) + 3*n(k). Suppose 17 = -q - 5*d, 34*d = q + 36*d + 5. What is t(q)?
-6
Let s = -374 - -391. Let c = s - 23. Let h(r) = r**2 + 2*r + 9 + 5*r - 4. Give h(c).
-1
Let l(q) = q**3 + 5*q**2 - 2*q - 5. Let o be (-10)/(-35)*1 + (-19)/(-7). Let w be o/(0 + -3*1/(-6)). Suppose -w*f = -5*f + 5. Calculate l(f).
5
Let v = -59 - -63. Suppose v*a - 3*a = -3*r + 23, -4*r = -4*a - 52. Let y(w) = 4 + w - r*w**2 - 3*w + 7*w**2. Give y(-3).
-8
Let v(j) = j**3 - 10*j**2 - 60*j + 534. Let r be v(11). Suppose -1 = n - 4. Let i(x) = 0*x**3 - 3*x**2 + x**n - 4*x + 8*x**2 - 6. Give i(r).
14
Let a(h) = -h**2 - 11*h + 2. Let o be a(-11). Let w(c) = 344*c + o - 1 - 335*c. What is w(1)?
10
Let j(d) be the third derivative of -d**5/60 + d**4/8 + d**3/6 - 21*d**2. Let q be 3200/550 + (-4)/(-22). Determine j(q).
-17
Let h(p) be the third derivative of 17*p**2 - 1/60*p**5 + p + 1/6*p**4 - 1/2*p**3 + 0. Determine h(3).
0
Let m(h) = -1. Let t(r) = -10 + 21 - 1378*r + 1376*r. Let p(l) = -l. Let a(z) = -3*p(z) + t(z). Let d(c) = a(c) + 5*m(c). What is d(-10)?
-4
Suppose -4*f - 43 + 7 = 0. Let i = f + 12. Suppose -2 = -4*d + 3*d + 2*g, -3*g + 24 = i*d. Let h(m) = -m**2 + 5*m + 1. What is h(d)?
-5
Let v(n) = 10*n**3 - 13*n**2 + 5*n + 7. Let i(m) = 2*m**3 - 3*m**2 + m + 1. Let d(r) = -6*i(r) + v(r). Give d(4).
-51
Let m(r) = 2*r + 43. Let t(u) = -2*u**2 + 65*u - 112. Let s be t(28). Suppose s = -18*p + 11*p. Determine m(p).
3
Let u(w) = -w**2 + 138*w - 19. Let v(z) = 2*z**2 - 190*z + 26. Let s(d) = -11*u(d) - 8*v(d). Suppose 0 = 3*x + 1 + 2. What is s(x)?
-6
Let d(v) be the second derivative of v**5/20 + v**4/2 - 7*v**3/3 + 17*v**2/2 - 2*v - 49. What is d(-8)?
1
Suppose v + 6 = -4*f, 2*v - 4*f - 5 = 31. Suppose -8*o + 4*o - 10 = 2*u, o + 3*u = -v. Let k(d) = 20*d + 1. What is k(o)?
-19
Suppose -2*a - 32 = 321*u - 326*u, 0 = 4*a + 3*u - 14. Let m(s) = -14*s**3 + s**2 - 1. What is m(a)?
14
Let w be ((-2)/7 - 1845/574)*(-220)/(-35). Let f(d) = d**3 + 21*d**2 - 21*d - 8. Calculate f(w).
-30
Let w(h) = 8*h**2 + 1159*h - 11 + 6 + 2 - 1154*h. What is w(1)?
10
Let j(n) = n**3 + 8*n**2 + 10*n + 9. Suppose -5*p + 2*p - 535 = -5*b, -4*b + 435 = -p. Let l be (-2)/(-5) - 814/b. Determine j(l).
-12
Let l(y) be the first derivative of -y**3/6 + 7*y**2/2 - 26*y - 37. Let b(i) be the first derivative of l(i). Determine b(9).
-2
Let l(a) = -26*a + 33. Let c(j) = 11*j - 17. Let w(k) = 7*c(k) + 3*l(k). What is w(6)?
-26
Let a(s) = 2*s - 9. Let l(b) be the second derivative of 5*b**3/3 - 24*b**2 + 63*b. Let h(x) = 11*a(x) - 2*l(x). What is h(-9)?
-21
Let l(v) = 2*v - 4. Let d = 148 + -92. Let q = -49 + d. Let r be q/2*(-1 - 1). Determine l(r).
-18
Suppose 123 = 3*i - 2*h, -12 = -i - 2*h + 21. Let b = 46 - i. Let p(d) = -d**2 - 18*d + 5*d + 5*d + b*d + 11. What is p(0)?
11
Let g(c) = -14 + 162*c - 168*c + 7. Determine g(-1).
-1
Let c(r) = -2*r - 24. Let t(w) = 2*w + 1. Let n(i) = c(i) + 3*t(i). Let f be n(4). Let s(d) = -d**3 - 4*d**2 + 4*d + 2. Determine s(f).
7
Let m(i) be the first derivative of i**6/120 + 7*i**5/60 + i**4/4 - i**2/2 - 3*i - 63. Let y(q) be the second derivative of m(q). Give y(-6).
0
Suppose -15 + 65 - 490 = -110*b. Let g(t) = 3*t**3 - 5*t - 5. Let n(c) = 5*c**3 + c**2 - 9*c - 9. Let f = -6 + 10. Let i(l) = f*n(l) - 7*g(l). Determine i(b).
-5
Let w = 237 + -230. Suppose w*i = 2 + 47. Let g(x) = x - 1. Determine g(i).
6
Let i(j) = -6*j**2 + j - 3. Let y = -18456 + 18460. Give i(y).
-95
Let i(f) be the second derivative of f**5/20 - f**4/12 + f**3/6 - f - 42. Let z = -42 + 42. What is i(z)?
0
Let v(l) = -2*l + 24. Let k(i) = -i + 16. Let w(j) = -6*k(j) + 5*v(j). Give w(3).
12
Suppose 0 = -2*m - 2*m - 5*i + 8, -4*i = 3*m - 6. Let z(a) = 3*a**2 + 3 - a**2 + 5*a - m*a + 0*a. Calculate z(-2).
5
Let k(b) = -b**2 + 20*b - 67. Suppose -345 = 1427*a - 1450*a. What is k(a)?
8
Let r(c) = c - 2565 + 3*c**2 - 2570 + 5121. What is r(3)?
16
Let f(w) = -5*w - 8. Let a(y) = 2*y + 3. Let c be ((-348)/42 - -5) + 6/21. Let l(v) = c*f(v) - 8*a(v). What is l(-11)?
11
Let v(d) = 0*d + 6*d - 4*d + 3 + 5 - 6 + 6*d**2. Calculate v(3).
62
Let x(u) = -u**3 - 6*u**2 - 4*u - 3. Suppose 82 = -12*k + 22. What is x(k)?
-8
Let y(u) = -27*u**2 - 2*u - 1. Suppose 9*n + 0*n = 3*n. Let f be (-2*8)/4 + n - -3. Determine y(f).
-26
Let q(x) be the third derivative of 5*x**4/24 + 17*x**3/3 - 16*x**2 + 11*x. Calculate q(-17).
-51
Suppose 858*n - 902*n + 44 = 0. Let c(g) = g**2 - 6*g + 6. Calculate c(n).
1
Let p(t) = 836*t + 2503. Let a be p(-3). Let f(c) = -c**2 - 11*c - 41. Calculate f(a).
-11
Let w(y) = 27*y**2 + 3784*y + 562. Let r be w(-140). Let j(v) = -6 + 0*v**3 + v + 3 - 3*v**2 + v**3. What is j(r)?
-5
Let x be 1 - (16/(-40) + 6/(-10)). Let d(q) = 3*q**2 - 43*q**2 + 11*q**x + 14 + 9*q + q**3 + 18*q**2. Suppose s + 3*c - 26 = -1, -5*s = 5*c - 75. Give d(s).
4
Let r(j) = j**3 - 21*j**2 + 20*j - 9. Suppose 4*w - 455 = -4*p - 359, -2*p - 5*w = -60. Determine r(p).
-9
Let w = 66 - 70. Let l(u) = -u + 1. Let c(m) be the third derivative of -m**5/60 - 3*m**4/8 + 5*m**3/3 - m**2. Let b(t) = w*l(t) + c(t). Determine b(-7).
-8
Let p(w) = 5*w + 1 + 0*w + 6 - 3. Suppose -693*l + 14330 = -2126*l. What is p(l)?
-46
Let x = -314 + 629/2. Let f(v) be the first derivative of v + 18 - x*v**2. Give f(0).
1
Let m(p) = 9*p + 71 + p**3 - 262 + 89 - 93*p + 86. Calculate m(-9).
11
Let n(q) = q**3 + q + 9. Suppose 0 = -5*u + 4*y + 16, -2*u = -62*y + 67*y + 20. Give n(u).
9
Let o(g) = -g - 29. Let y be -47 - 65/130*(-2 - 0). Give o(y).
17
Let a(t) = -t**3 - 6*t**2 + 14*t + 11. Suppose 0 = 84*y + 731 + 25. Give a(y).
128
Let o(j) = -j**3 + 5*j**2 + j - 3. Let n be o(5). Let x(z) = 4*z + z**2 - 4 - 5*z - z - n*z. Suppose -6*i = -2*i + m - 16, 5*m + 4 = i. What is x(i)?
-4
Let t(p) = p**3 - 5*p**2 - 6*p + 6. Let f = 95 + -92. Suppose -3*i - 12 = -f*n, 2*n + 2*i + 20 = 6*n. Determine t(n).
6
Let c(b) = -433383 + 866779 - 4*b - 433393. What is c(-11)?
47
Let h(b) = 82*b + 330. Let c be h(-4). Let p(o) = 153*o - 6. Let m(d) = -22*d + 1. Let f(n) = 15*m(n) + 2*p(n). Calculate f(c).
-45
Let b(d) = -2*d - 14. Suppose -2*v - 36*c = -40*c - 4, -3*v = 2*c - 14. Suppose -4*i + 27 = -5*n, -i + 13 = -n - v*i. What is b(n)?
0
Let z be -21 + 25 + (-15)/(-3) + -3. Let t be 4/z*1 + (-28)/(-12). Let j(q) = -q**2 + 7*q - 4. Give j(t).
8
Suppose 45 = 25*a + 6 - 11. Let b(z) = 3*z**2 - 4*z + 9. Calculate b(a).
13
Let k(h) = -h**3 - 5*h**2. Let n(o) be the second derivative of 5*o**3/6 - 29*o**2/2 - 18*o - 1. Let p be n(5). What is k(p)?
-16
Let k(q) = q**3 - 14*q**2 + 24*q + 4. Let d(n) = -n**3 + 15*n**2 - 24*n - 4. Let o(b) = 4*d(b) + 5*k(b). What is o(6)?
4
Let o be (6/42)/((-9)/(-126)). Let s(b) = -5*b**2 - b + 6 - 1 - 8 + 5 + o*b**2. Let i be 2/(-1)*(2 + -1). What is s(i)?
-8
Let w(t) = -t**3 + t**2 + 13*t + 8. Let y be w(-4). Suppose 0 = 4*j + 16, 5*j + y = 5*h + j. Let i(z) = -5*z + 3*z + h*z - 3*z + 1. What is i(3)?
-2
Let x = -9445 + 9455. Let u(q) = -q**2 + 3*q + 5. Calculate u(x).
-65
Suppose 8 + 7 = 5*p. Let s(n) = 9*n - 386. Let u(i) = 6*i - 246. Let q(h) = 7*s(h) - 11*u(h). Calculate q(p).
-5
Let y(f) = -5*f + 136. Let s be 22 + 9 + 84/(-14). Determine y(s).
11
Let o(a) be the first derivative of -15 + 4*a**2 - 7/3*a**3 - 1/4*a**4 + 4*a. Give o(-8)